he greatest common factor of 29414 and 126251.
191
Calculate the highest common divisor of 120875 and 35578831.
967
Calculate the highest common divisor of 105636 and 54576.
12
Calculate the greatest common factor of 39 and 2453789.
13
Calculate the highest common factor of 36445308 and 12.
12
Calculate the greatest common factor of 166 and 12546526.
2
What is the highest common divisor of 130501 and 15040781?
721
Calculate the greatest common factor of 3784132 and 3740.
748
What is the greatest common factor of 95895 and 184050?
45
Calculate the greatest common divisor of 461283 and 10561.
179
Calculate the highest common divisor of 138283233 and 19932.
4983
What is the greatest common factor of 16228 and 16329425?
4057
Calculate the highest common factor of 515683 and 57109.
23
What is the highest common factor of 5229 and 3857175?
63
Calculate the greatest common divisor of 306 and 26449668.
18
What is the greatest common divisor of 221303684 and 56?
28
What is the greatest common divisor of 92568 and 171969?
399
What is the greatest common factor of 1709500 and 9425?
325
Calculate the greatest common factor of 395024427 and 588.
147
What is the greatest common factor of 57603704 and 1736?
248
What is the greatest common divisor of 1811611 and 53032?
947
Calculate the highest common divisor of 55686020 and 1040.
260
Calculate the highest common divisor of 503980 and 30.
10
What is the greatest common divisor of 176 and 2047144?
88
What is the greatest common divisor of 4 and 4083752?
4
What is the highest common factor of 527450 and 8954?
22
Calculate the greatest common divisor of 2922963 and 5550.
111
Calculate the greatest common factor of 639632 and 168.
56
Calculate the highest common factor of 1112 and 3432188.
556
Calculate the greatest common divisor of 294860 and 936560.
460
What is the highest common factor of 3345 and 143876255?
1115
What is the highest common divisor of 12765 and 27195?
555
Calculate the highest common divisor of 147 and 6965175.
21
Calculate the highest common factor of 96375 and 222.
3
What is the highest common divisor of 22979923 and 333?
37
What is the highest common factor of 975 and 6492005?
65
What is the greatest common divisor of 8149092 and 336?
84
Calculate the greatest common factor of 1828 and 27168.
4
Calculate the greatest common factor of 45969400 and 1600.
200
What is the highest common divisor of 1815 and 19982787?
363
What is the highest common factor of 8827014 and 73?
73
Calculate the highest common factor of 1250328 and 120006.
354
Calculate the greatest common factor of 40 and 257901736.
8
What is the greatest common divisor of 161 and 488753979?
161
Calculate the highest common divisor of 74103 and 71875551.
4359
Calculate the highest common divisor of 147 and 50987587.
49
What is the highest common factor of 24543644 and 4696?
2348
What is the greatest common divisor of 4396 and 14065316?
628
What is the greatest common divisor of 2143311 and 107355?
1263
Calculate the greatest common divisor of 622650 and 300.
150
What is the greatest common factor of 12386 and 147506?
1126
Calculate the greatest common factor of 108356 and 168320.
1052
What is the highest common divisor of 189441755 and 15?
5
What is the highest common divisor of 129204399 and 23577?
813
Calculate the greatest common factor of 566825 and 66755.
395
Calculate the highest common divisor of 74467060 and 30.
10
What is the highest common factor of 58370951 and 12729?
4243
What is the greatest common divisor of 5146330 and 5961?
1987
Calculate the highest common factor of 25331681 and 155.
31
What is the greatest common divisor of 640293 and 1749?
159
Calculate the greatest common divisor of 160888 and 119314.
338
Calculate the highest common divisor of 66297 and 256749339.
9471
Calculate the highest common divisor of 379728576 and 54.
18
Calculate the highest common divisor of 46 and 15595081.
23
Calculate the greatest common divisor of 7842535 and 1235.
95
Calculate the highest common divisor of 2985 and 2810760.
15
What is the greatest common divisor of 1144488722 and 442?
442
What is the greatest common divisor of 108675 and 7087680?
1035
Calculate the highest common divisor of 232 and 44037109.
29
What is the highest common divisor of 82 and 459814?
2
Calculate the highest common divisor of 1275 and 2257175.
425
Calculate the greatest common factor of 1846 and 64156807.
923
What is the greatest common factor of 390871875 and 964?
241
What is the greatest common divisor of 126 and 18666081?
63
What is the highest common divisor of 6224 and 13623558?
778
Calculate the highest common factor of 437 and 5153541.
437
Calculate the highest common factor of 118180 and 2428910.
3110
Calculate the greatest common factor of 3757 and 218023.
13
Calculate the highest common factor of 267 and 5480175.
267
Calculate the highest common divisor of 3819421530 and 90.
90
Calculate the greatest common factor of 6048 and 423036.
108
Calculate the highest common factor of 3438096 and 1476.
492
What is the highest common factor of 268 and 2007253?
67
Calculate the highest common divisor of 6040315 and 5522.
251
What is the greatest common factor of 20984 and 10463104?
344
Calculate the highest common factor of 3195 and 63132845.
355
What is the greatest common factor of 189 and 659649753?
63
Calculate the greatest common divisor of 6151712 and 2204.
116
What is the highest common factor of 90780 and 13923?
51
What is the highest common factor of 13289079 and 82818?
321
Calculate the highest common divisor of 943 and 1231558.
943
What is the highest common divisor of 1134 and 1813658?
14
Calculate the greatest common divisor of 380 and 412430.
10
What is the greatest common factor of 93408564 and 236?
236
What is the highest common divisor of 4980 and 45886716?
996
What is the greatest common divisor of 44448 and 315303?
1389
Calculate the highest common divisor of 36778623 and 399.
399
What is the highest common divisor of 558746 and 6066?
674
What is the greatest common factor of 88533 and 1846077?
3279
Calculate the highest common divisor of 541965884 and 1884.
628
What is the greatest common factor of 33 and 2598268068?
33
What is the highest common divisor of 1451472 and 2405375?
2749
Calculate the greatest common divisor of 437085 and 7435.
5
What is the highest common divisor of 27456 and 73135920?
6864
Calculate the greatest common factor of 2282 and 29849701.
1141
What is the highest common divisor of 13639 and 216445?
593
What is the highest common divisor of 16387 and 24941?
7
What is the greatest common factor of 1752992 and 288608?
928
What is the highest common divisor of 285844 and 201716?
956
Calculate the highest common divisor of 195637800 and 20.
20
Calculate the highest common divisor of 72408 and 199269.
21
What is the highest common factor of 249460 and 10480?
20
What is the highest common divisor of 3877639 and 9752?
1219
Calculate the highest common factor of 990 and 20554930.
110
What is the greatest common factor of 6303 and 196357359?
6303
Calculate the highest common divisor of 345 and 13425905.
115
What is the highest common factor of 15568 and 33909008?
112
What is the highest common factor of 812631 and 11729?
37
What is the highest common factor of 281480 and 5660?
20
Calculate the greatest common factor of 5954046 and 40488.
42
Calculate the highest common factor of 725738150 and 1576.
394
What is the greatest common factor of 139 and 59305879?
139
Calculate the greatest common divisor of 60 and 194557116.
12
Calculate the highest common divisor of 1502 and 4428647.
751
Calculate the highest common divisor of 11594632 and 390848.
1576
What is the greatest common factor of 8336778 and 726?
6
What is the greatest common divisor of 30030 and 3948490?
910
What is the highest common divisor of 24682 and 4400921?
301
Calculate the greatest common factor of 173265856 and 906.
302
What is the greatest common divisor of 16544241 and 45?
9
Calculate the highest common divisor of 316996 and 21156.
172
What is the greatest common divisor of 1932 and 2028439?
161
Calculate the highest common divisor of 732753 and 5859.
189
Calculate the highest common factor of 302881 and 782261.
2179
What is the greatest common fact